 prime factors of 3072?
2, 3
What are the prime factors of 405?
3, 5
What are the prime factors of 2715?
3, 5, 181
List the prime factors of 487.
487
List the prime factors of 1226.
2, 613
List the prime factors of 15440.
2, 5, 193
What are the prime factors of 92054?
2, 46027
What are the prime factors of 14657?
14657
List the prime factors of 1455.
3, 5, 97
List the prime factors of 10347.
3, 3449
What are the prime factors of 44096?
2, 13, 53
What are the prime factors of 15197?
7, 13, 167
What are the prime factors of 4991?
7, 23, 31
What are the prime factors of 961?
31
List the prime factors of 3591.
3, 7, 19
What are the prime factors of 10477?
10477
What are the prime factors of 9726?
2, 3, 1621
What are the prime factors of 1837?
11, 167
List the prime factors of 2018.
2, 1009
List the prime factors of 58192.
2, 3637
List the prime factors of 16393.
13, 97
List the prime factors of 65645.
5, 19, 691
List the prime factors of 187.
11, 17
What are the prime factors of 115?
5, 23
What are the prime factors of 11816?
2, 7, 211
List the prime factors of 264.
2, 3, 11
What are the prime factors of 354?
2, 3, 59
What are the prime factors of 10618?
2, 5309
What are the prime factors of 291?
3, 97
What are the prime factors of 3828?
2, 3, 11, 29
What are the prime factors of 4101?
3, 1367
What are the prime factors of 44?
2, 11
What are the prime factors of 19269?
3, 2141
What are the prime factors of 6211?
6211
What are the prime factors of 1773?
3, 197
List the prime factors of 8402.
2, 4201
What are the prime factors of 1033?
1033
What are the prime factors of 82243?
7, 31, 379
List the prime factors of 52489.
52489
List the prime factors of 3221.
3221
List the prime factors of 2122.
2, 1061
What are the prime factors of 2386?
2, 1193
What are the prime factors of 629?
17, 37
List the prime factors of 1575.
3, 5, 7
List the prime factors of 10718.
2, 23, 233
What are the prime factors of 1816?
2, 227
What are the prime factors of 677?
677
What are the prime factors of 5336?
2, 23, 29
List the prime factors of 929.
929
What are the prime factors of 1794?
2, 3, 13, 23
What are the prime factors of 1996?
2, 499
List the prime factors of 42.
2, 3, 7
What are the prime factors of 50317?
67, 751
What are the prime factors of 6259?
11, 569
List the prime factors of 475.
5, 19
List the prime factors of 1699.
1699
List the prime factors of 9151.
9151
List the prime factors of 22641.
3, 7547
List the prime factors of 18635.
5, 3727
What are the prime factors of 216?
2, 3
List the prime factors of 2910.
2, 3, 5, 97
What are the prime factors of 1693?
1693
List the prime factors of 843.
3, 281
List the prime factors of 39759.
3, 29, 457
What are the prime factors of 3709?
3709
List the prime factors of 875.
5, 7
List the prime factors of 62821.
11, 5711
What are the prime factors of 46573?
46573
List the prime factors of 24535.
5, 7, 701
What are the prime factors of 30095?
5, 13, 463
List the prime factors of 4472.
2, 13, 43
List the prime factors of 18371.
18371
What are the prime factors of 117702?
2, 3, 13, 503
What are the prime factors of 3826?
2, 1913
What are the prime factors of 27805?
5, 67, 83
List the prime factors of 11814.
2, 3, 11, 179
What are the prime factors of 8389?
8389
List the prime factors of 2388.
2, 3, 199
List the prime factors of 1893.
3, 631
List the prime factors of 9690.
2, 3, 5, 17, 19
List the prime factors of 40909.
11, 3719
List the prime factors of 2894.
2, 1447
What are the prime factors of 20326?
2, 10163
List the prime factors of 5579.
7, 797
List the prime factors of 41129.
11, 3739
List the prime factors of 5781.
3, 41, 47
What are the prime factors of 66377?
66377
What are the prime factors of 93204?
2, 3, 863
What are the prime factors of 11734?
2, 5867
List the prime factors of 13154.
2, 6577
What are the prime factors of 4018?
2, 7, 41
List the prime factors of 2401.
7
List the prime factors of 1331.
11
What are the prime factors of 69944?
2, 7, 1249
List the prime factors of 4080.
2, 3, 5, 17
What are the prime factors of 2902?
2, 1451
What are the prime factors of 77330?
2, 5, 11, 19, 37
List the prime factors of 62187.
3, 19, 1091
List the prime factors of 1258.
2, 17, 37
List the prime factors of 2733.
3, 911
What are the prime factors of 819?
3, 7, 13
What are the prime factors of 9660?
2, 3, 5, 7, 23
List the prime factors of 46796.
2, 11699
What are the prime factors of 66121?
11, 6011
List the prime factors of 9998.
2, 4999
List the prime factors of 62615.
5, 7, 1789
What are the prime factors of 39831?
3, 11, 17, 71
What are the prime factors of 83957?
59, 1423
What are the prime factors of 137?
137
List the prime factors of 2091.
3, 17, 41
What are the prime factors of 69894?
2, 3, 11, 353
List the prime factors of 60687.
3, 11, 613
List the prime factors of 13112.
2, 11, 149
List the prime factors of 4726.
2, 17, 139
What are the prime factors of 1768?
2, 13, 17
What are the prime factors of 77037?
3, 25679
List the prime factors of 7798.
2, 7, 557
List the prime factors of 41061.
3, 13687
What are the prime factors of 1638?
2, 3, 7, 13
List the prime factors of 58949.
11, 23, 233
What are the prime factors of 1500?
2, 3, 5
List the prime factors of 2387.
7, 11, 31
What are the prime factors of 4049?
4049
What are the prime factors of 65214?
2, 3, 3623
List the prime factors of 7329.
3, 7, 349
List the prime factors of 1633.
23, 71
What are the prime factors of 2174?
2, 1087
What are the prime factors of 9275?
5, 7, 53
What are the prime factors of 922?
2, 461
List the prime factors of 750.
2, 3, 5
List the prime factors of 119.
7, 17
List the prime factors of 576.
2, 3
What are the prime factors of 1533?
3, 7, 73
List the prime factors of 1080.
2, 3, 5
List the prime factors of 1224.
2, 3, 17
List the prime factors of 19373.
19373
What are the prime factors of 1102?
2, 19, 29
List the prime factors of 652.
2, 163
What are the prime factors of 762?
2, 3, 127
List the prime factors of 6441.
3, 19, 113
List the prime factors of 41065.
5, 43, 191
List the prime factors of 30113.
30113
List the prime factors of 691.
691
List the prime factors of 6564.
2, 3, 547
List the prime factors of 1337.
7, 191
What are the prime factors of 1009?
1009
List the prime factors of 4957.
4957
What are the prime factors of 93?
3, 31
List the prime factors of 22056.
2, 3, 919
What are the prime factors of 32328?
2, 3, 449
What are the prime factors of 3459?
3, 1153
List the prime factors of 122943.
3, 107, 383
What are the prime factors of 19001?
19001
What are the prime factors of 1172?
2, 293
List the prime factors of 13469.
13469
List the prime factors of 72648.
2, 3, 1009
List the prime factors of 2534.
2, 7, 181
What are the prime factors of 6845?
5, 37
List the prime factors of 127552.
2, 1993
What are the prime factors of 28993?
79, 367
List the prime factors of 846.
2, 3, 47
List the prime factors of 439.
439
List the prime factors of 9072.
2, 3, 7
List the prime factors of 654.
2, 3, 109
What are the prime factors of 64286?
2, 32143
List the prime factors of 12908.
2, 7, 461
List the prime factors of 47502.
2, 3, 7, 13, 29
List the prime factors of 21509.
137, 157
List the prime factors of 52238.
2, 26119
List the prime factors of 2058.
2, 3, 7
List the prime factors of 1133.
11, 103
What are the prime factors of 23200?
2, 5, 29
List the prime factors of 5037.
3, 23, 73
List the prime factors of 1845.
3, 5, 41
List the prime factors of 1378.
2, 13, 53
List the prime factors of 32709.
3, 10903
List the prime factors of 9425.
5, 13, 29
List the prime factors of 18079.
101, 179
What are the prime factors of 122768?
2, 7673
What are the prime factors of 866?
2, 433
List the prime factors of 19179.
3, 2131
List the prime factors of 1446.
2, 3, 241
List the prime factors of 2831.
19, 149
What are the prime factors of 594?
2, 3, 11
What are the prime factors of 4931?
4931
What are the prime factors of 508?
2, 127
List the prime factors of 23884.
2, 7, 853
List the prime factors of 160175.
5, 43, 149
List the prime factors of 786.
2, 3, 131
List the prime factors of 70732.
2, 17683
List the prime factors of 3584.
2, 7
What are the prime factors of 6234?
2, 3, 1039
List the prime factors of 4857.
3, 1619
List the 